- 5*j(w). Determine d(1).
-131
Let b(t) = 4*t**2 + 15 - 2*t - 12 - t + 2*t**3 + 5*t. What is b(-4)?
-69
Suppose 0 + 10 = -g + 4*s, 15 = 4*g - 5*s. Let l be (2 - 28/g)*(-200)/16. Let p(w) = w**3 - 9*w**2 - 10*w - 5. Determine p(l).
-5
Let h(a) = -100*a + 8. Let z(g) = 173*g - 17. Let u(f) = -5*h(f) - 3*z(f). Give u(4).
-65
Suppose -2*l = -0 - 10. Let y(b) be the first derivative of -b**2 - 3*b - 433. What is y(l)?
-13
Let c(f) = f**3 + 3*f**2 - 3*f + 1. Let d be c(-4). Let o(v) be the third derivative of -v**4/3 - v**3/3 + 3833*v**2. Determine o(d).
22
Let l(r) = 144*r - 7785. Let s(t) = -7*t + 390. Let x(y) = 4*l(y) + 81*s(y). Determine x(-49).
9
Let x(k) be the second derivative of k**5/20 + k**4/2 + 2*k**3 + 5*k**2/2 + k + 945. Give x(-2).
-3
Let t(x) = -x**2 - 6257*x + 43851. Let z be t(7). Let o(v) = -3*v + 3 + 1 + v**2 - 5*v**2. Give o(z).
-41
Let i(j) = 3*j**3 + 7*j**2 - 2*j - 4. Let y(q) = -7*q**3 - 16*q**2 + 2*q + 7. Let p(m) = -5*i(m) - 2*y(m). Determine p(-4).
-2
Suppose 0 = -11*v + 14*v - 6. Let l(m) = 516*m + 2 - 255*m - 257*m - v*m**2. Give l(5).
-28
Let z(s) = -s**2 + 33*s - 27. Let d = 7408 + -7376. Calculate z(d).
5
Let q(u) = 4*u + 3. Let p be (6*1)/((-33)/(-110)). Let h(z) = -16*z**3 + z**2. Let i be h(-1). Let j = p - i. Calculate q(j).
15
Let t(u) = u - 2485 - 2498 + 4962. Give t(-10).
-31
Let k(d) = -d**2 + 10*d - 6. Suppose 0*a + 2*a - 195 = 3*s, -2*a = -4*s - 196. Let b be (-14)/(-8) + 24/a. Suppose b*p - 15 = -1. What is k(p)?
15
Let a = -9 + 2. Let x(h) = -4*h**3 - 10*h**2 - 13*h + 4. Let r(v) = v**3 + 3*v**2 + 4*v - 1. Let s(f) = a*r(f) - 2*x(f). Let o = -9494 - -9496. Calculate s(o).
-1
Let a(c) = -c**2 + 25*c - 123. Let w be 5/(((-1)/(-36))/((-115)/(-1150))). Determine a(w).
3
Let c(d) = -2*d**2 - 11*d. Suppose 144 = -56829*k + 56813*k. Calculate c(k).
-63
Let x(l) = 14*l + 29 + 18*l**2 + 17*l**2 + 4*l + 15*l**2 - 51*l**2. Let d be x(20). Let m(c) = c**3 + 10*c**2 - 12*c - 10. Calculate m(d).
1
Suppose 13*x - 36 = -36. Let h(g) = 0*g - 654 - 5*g + 3*g + 3*g + 639. Calculate h(x).
-15
Let f(z) = z - 4*z + 2 - 5. Suppose 13*k + 12*k - 3475 = 0. Suppose -10*v = 179 - k. Give f(v).
9
Let u = -162 + 398. Let g = u - 243. Let s(r) = -r**2 - 10*r - 6. Give s(g).
15
Let m(f) = 2*f**2 + 6*f + 5. Let i = -7365 - -7361. What is m(i)?
13
Let i(z) be the first derivative of -z**5/60 + z**4/6 - z**3 + z**2/2 + z + 58. Let h(b) be the second derivative of i(b). What is h(3)?
-3
Let c(x) = x**2 - 11*x + 23. Suppose 71*p = 69*p + 5*v - 13, -p = 2*v - 16. Calculate c(p).
-7
Let p(z) = 8*z**3 + 11*z**2 + 17*z + 10. Let k(u) = -7*u**3 - 10*u**2 - 15*u - 10. Let t(c) = 7*k(c) + 6*p(c). Give t(-4).
2
Suppose -l + 5*k - 21 = 10*k, -4*l - 2*k = -6. Let y(o) = 6*o - 4418 - l*o + 4391. What is y(14)?
1
Let j = 223 - 230. Let g(r) = -5*r + 9. Let d(k) = 2*k - 5. Let x(n) = j*d(n) - 4*g(n). What is x(-6)?
-37
Let r(o) be the first derivative of 42*o**2 + 320*o - 2214. What is r(-4)?
-16
Let z(p) be the first derivative of p**3/3 + 7*p**2/2 - 49*p - 1587. Determine z(4).
-5
Let y(s) = -s**2 + 73*s + 232. Let g be y(76). Let j(p) = -12*p + 5. What is j(g)?
-43
Let w(p) be the third derivative of 3*p**6/40 - p**5/60 - 19*p**2. Let k = 214 - 213. Calculate w(k).
8
Suppose -22*w + 15*w + 448 = 49*w. Let f(q) = q**2 - 28*q + 154. Give f(w).
-6
Let l(t) = 5*t - 1. Let h = 134 - 135. Let z be 9 + h + 65 + -68. Calculate l(z).
24
Let s(d) = -d**2 - 15*d - 57. Let o = -924 + 918. Give s(o).
-3
Let l(w) = -2*w**2 + 7*w + 4*w**2 - 4*w. Let a(p) = -2*p**3 - 11*p**2 + 5*p - 9. Let y = -54 + 48. Let o be a(y). What is l(o)?
9
Suppose -153 + 55 = -14*w. Let d(n) = 3*n + 13. Determine d(w).
34
Suppose -4*h + 195 + 41 = 0. Let j(l) = -64 - h - 7*l**2 - l**3 + 130 + 0*l**3. What is j(-6)?
-29
Let g be 408/(20/5) + (-2 - -1). Let z = -102 + g. Let i(b) = 22*b**3 + 2*b**2 + 2*b + 1. What is i(z)?
-21
Let a(j) = -j**2 + 26*j - 121. Let m be a(19). Let b(z) = -m + 54 - 2*z - 18 - 19 - z**2. Determine b(-4).
-3
Let i be (-7)/2 + 4 + 37/2. Let x be (i/(-2) - -2)*(-36)/(-45). Let j(s) be the second derivative of s**5/20 + 7*s**4/12 + 2*s**3/3 - 5*s**2/2 + 7*s. Give j(x).
7
Let v be 28/(-2) + 266/19. Let s(p) be the second derivative of 0 + 10*p + 1/12*p**4 + 3/2*p**2 + v*p**3. What is s(4)?
19
Let z be (0 + 4 + -3 - 7 - 0) + 3. Let j(i) = 3*i**2 + 3*i. Calculate j(z).
18
Let x = 112 - 109. Suppose 3*w = 4*n + 26, -3*n - x*w - 4 = 5. Let q(d) = -d - 5. Give q(n).
0
Let y(r) be the third derivative of 0 - 1/60*r**5 + 0*r**3 - 50*r**2 + 1/120*r**6 + 0*r + 0*r**4. Determine y(2).
4
Let i(a) = -802*a + a**3 + 1581*a + 84 + 17*a**2 - 4*a**2 - 803*a. Determine i(-15).
-6
Let c be (-6 - -3 - -3) + 11 + -1. Let w be 15/(-10)*1*c/(-3). Let v be (20/25*w)/4. Let o(f) = f - 1. Calculate o(v).
0
Let r(y) = -8*y + 13. Let c(o) = -2*o + 3. Let a(d) = -5*c(d) + r(d). Give a(-1).
-4
Let m(v) be the first derivative of v**6/180 - v**5/60 + v**4/6 - 11*v**3/3 - 7*v - 36. Let s(g) be the third derivative of m(g). Give s(3).
16
Let i(u) = -54886*u - 3 - 54889*u - 2 + 109771*u - 6*u**2. What is i(-2)?
-21
Let h = -3511 - -3496. Let r(o) = -10*o - 162. What is r(h)?
-12
Let k(g) be the third derivative of -g**4/8 + 4*g**3/3 + 2291*g**2. Calculate k(8).
-16
Let a(b) = -2*b**2 - 13*b - 1. Let x(q) = -58*q**2 - 10*q - 37 - 49*q**2 + 102*q**2 + q**3. Let g be x(7). Calculate a(g).
-46
Let l(r) be the second derivative of 21*r**3/2 - 4390*r + 1. What is l(-2)?
-126
Let v(t) be the first derivative of -3*t**4/4 + t**2/2 + 6*t - 648. What is v(-2)?
28
Suppose -18 = -f - f. Suppose -8 = -r + f*r. Let d(m) = 31*m**3 + m - 36*m**3 + m**2 + 1 + 0*m. What is d(r)?
6
Let t(a) = a**3 + 7*a - 8*a**2 - 16*a + 0*a**3 + 2. Let j be t(9). Let z(h) = 0*h**2 + 8*h**j - h - 7*h**2 + h**3 + 5. Determine z(0).
5
Let r(p) = -20*p - 15. Let w(l) = -4*l - 3. Let z(s) = 2*r(s) - 11*w(s). Let c be (-3)/(-9) - (45/(-108) + (-3)/12). Calculate z(c).
7
Let l(n) = -n**2 + 11*n - 16. Let o be l(9). Let t be (o + -2)/(-13 - -10). Suppose -3*h = 4*j + 13, t + 4 = 4*h. Let z(w) = -w + 1. Give z(j).
5
Let h(s) = -10*s**2 - 3*s + 4. Let c(q) = 11*q**2 + 3*q - 4. Let t(w) = -3*c(w) - 4*h(w). What is t(1)?
6
Suppose -5*c = 2*b + 1, 0*b = -3*b + 2*c + 46. Suppose -12 = b*t - 8*t. Let o(y) be the third derivative of y**5/60 + y**4/12 - 2*y**3/3 + 3*y**2. Give o(t).
-1
Let o(l) = l**2 + 5*l - 1. Suppose c = -5*s - 3448, 8*c + 704 = -s + 3*c. Let r = 684 + s. Give o(r).
-1
Let m(p) = 3*p + 9. Let z(n) = 16*n + 44. Let d(u) = 11*m(u) - 2*z(u). Suppose -5*q = r + 36, -8*r - 4 = -5*r - 4*r. Give d(q).
3
Let z(h) = -22*h + 1025. Let u be z(46). Let k(x) = -8*x + 95. Give k(u).
-9
Let g(j) = 11*j**2 - 36*j - 225. Let k(p) = -39*p**2 + 108*p + 677. Let l(a) = 7*g(a) + 2*k(a). Give l(-8).
3
Let m(q) = q**3 + 5*q**2 - 5*q - 8. Suppose -45*b + 44*b - 10 = 0. Let s(i) = -7*i - 76. Let v be s(b). Give m(v).
-14
Suppose -34*j + 29*j + 30 = 0. Let x(z) = -z**2 + 7*z - 10. Let t be x(j). Let r(u) = u**2 + 3*u + 6. What is r(t)?
10
Let u(f) be the third derivative of f**6/120 + f**5/10 + f**4/24 - 9*f**3/2 - 845*f**2. What is u(-5)?
-7
Let k(l) = -l**2 - 340 + l + 690 + 0*l**2 - 346 + 3*l. Let t be (-2 - 5/(-3))/((-4)/84). Give k(t).
-17
Let g(z) = -38*z**2 - 22*z + 143. Let p(w) = 21*w**2 + 11*w - 75. Let s(q) = 5*g(q) + 9*p(q). Give s(-15).
-20
Let b(u) be the third derivative of -u**8/20160 + u**7/840 + 3*u**5/4 - u**4/8 - u**2 - 23. Let r(h) be the third derivative of b(h). Let f = 4 - 1. Give r(f).
9
Suppose -4*y + 16 = -3*y. Let b be 1/((-28)/y - -2) - 0. Suppose 2*k + 2 - 12 = -4*n, n - b*k = 7. Let z(q) = q. Give z(n).
3
Let p be 6/((-30)/(-25)) + -1. Let l(v) = -v**2 - 1. Let z be -5 + 3 - (-1 + 1). Let q(y) = -y**2 - 2*y + 2. Let f(t) = z*l(t) + q(t). What is f(p)?
12
Let p(w) = -w**2 + 2. Suppose -2*u = 2*f + 312, -14*f + 154 = -15*f - 3*u. Let m = 153 + f. Calculate p(m).
-14
Let n(a) = -a**2 + 7*a - 18. Let k be n(12). Let o = k + 80. Let b(j) = -j + 0*j**2 - 2*j - 2*j**2 + o*j. What is b(-1)?
-1
Let b = 107 + -73. Let c = -27 + b. Suppose 0 = c*j - 35 + 7. Let o(g) = -2*g + 4. Determine o(j).
-4
Let k(r) be the third derivative of r**5/12 + 17*r**4/24 - r**3/6 - 3*r**2 + 238. Give k(-4).
11
Let l(y) = -49 + 28*y + 28 + 19*y + 22*y 